 3*j + 52 = c. What is the tens digit of y?
2
Suppose 0 = 2*p - 2*n + 2, -10 = -2*n - 2. Let y(i) = 5*i - i**3 + 2*i**3 - 2*i**3 + 3*i**2 - 3. What is the tens digit of y(p)?
1
What is the tens digit of -3 + 120/(6/2)?
3
Suppose -2*y + 3 = -3*y. What is the tens digit of 276/9 + (-1)/y?
3
Suppose -2*l + 5*d = 3*d - 20, 33 = 4*l + 3*d. Suppose -12 - l = 3*m. What is the units digit of m*3/(-6)*2?
7
Let i(v) = -v**3 + 5*v**2 - 3*v + 3. Let z = 2 - -2. What is the units digit of i(z)?
7
Let z = 44 - 8. What is the tens digit of z?
3
Let a be (2 + 2)/2 + 0. Let v(f) = 6*f + 9 + 3*f**2 - 2*f**a - 2*f**2. What is the units digit of v(7)?
2
Suppose 0 = 3*k - b - b + 15, 0 = -4*k + 3*b - 21. What is the tens digit of -3 - (k - 19 - -1)?
1
Suppose 49 = 3*s - k - 90, 235 = 5*s - k. Suppose -6 - 25 = -3*p - 5*m, -s = -4*p - 5*m. What is the tens digit of p?
1
Let x = 201 - 118. Suppose 2*l = x - 7. What is the tens digit of l?
3
Let y(h) = -2*h - 2. Let g be y(-2). What is the units digit of (g/2 - -2) + -1?
2
Let m be 4/18 + 33/(-27). Let y be 1 + (4 - 2 - m). Suppose y = -b + 6. What is the units digit of b?
2
Suppose 10 = 4*d + d. Suppose 14 = k + d. What is the tens digit of k?
1
Let i(d) = d + 1. Let l be i(1). Suppose -2*f + 4 = l. What is the units digit of (f - 0)/((-1)/(-6))?
6
Suppose -4*k + 4 = -2*a, k = -5*a - 3*k - 80. Suppose -3*h + 20 + 34 = 0. Let f = h + a. What is the units digit of f?
6
Suppose 5*y = -25, 3*o - 2*o + 7 = -2*y. Let c be (-39)/2*(-2)/o. Let l = c + -4. What is the units digit of l?
9
Let u = 45 + -29. Suppose k - u = -2*j - 3*k, 0 = 2*j + k - 16. What is the units digit of j?
8
Let w(x) = x**2 - 3*x - 1. Let s be w(2). Let h = -3 - s. Suppose h*y = -4*d - 4*y + 36, -4*d = 2*y - 34. What is the units digit of d?
8
Let d(a) = a**2 + 5*a + 3. Let y = 6 + 0. Suppose -5*z - y - 19 = 0. What is the units digit of d(z)?
3
Let t = 1 + -1. Suppose q = -0*q + 2*a + 2, -a = -3*q + 21. Suppose t*w = w - q. What is the units digit of w?
8
Suppose 17*k = 4*k + 1209. What is the tens digit of k?
9
Suppose -4*h + 4 = n - 2*n, 5*h = 5*n + 5. Let d = n - 7. Let q = -1 - d. What is the units digit of q?
6
Let b(t) be the third derivative of -7*t**4/24 - 2*t**3/3 + 5*t**2. What is the tens digit of b(-5)?
3
Suppose 51 + 5 = w. Let j = w + -37. What is the units digit of j?
9
Let j(s) = 3*s**2 + 2*s + 1. What is the tens digit of j(-3)?
2
Suppose 5*u = 3*u + 5*l + 30, u + 4*l - 15 = 0. Let n = u + -5. What is the units digit of n?
0
Let o = -7 + 4. Let u be -2*o/2*2. What is the units digit of (u/9)/(2/9)?
3
Let w(j) = 4*j**3 - 6*j**2 - 2*j + 2. Let i(v) = v**3 - v**2 - v + 1. Let h(l) = -3*i(l) + w(l). What is the units digit of h(3)?
2
Suppose 4 = p - 0*p. Suppose 0 = 5*d - p*u + 3*u - 65, -3*d + 39 = u. What is the units digit of d?
3
Let l = 141 - 51. What is the units digit of l?
0
Let o = -31 - -48. Let t = o + -16. What is the units digit of t?
1
Suppose -1 + 9 = 4*s. Suppose -4*r - s*o + 6*o = -8, -o - 8 = 2*r. What is the units digit of 36/16 + r/8?
2
Let z(s) = -s**2 - 7*s - 4. Let r be z(-6). Suppose 0 = h - r*p - 1 - 6, 0 = -2*h - 3*p + 21. What is the units digit of h?
9
Let u(i) = -i**3 + 3*i**2 + 4*i + 3. Let p be u(4). Let k be (6 - 8)*p/(-2). Suppose 0 = 2*h - k*h + 3. What is the units digit of h?
3
Let p be (0 - 1)/(7/35). Let k(c) = -c**3 - 4*c**2 + c + 2. What is the tens digit of k(p)?
2
Suppose 3*s - 5*s + 4*b + 40 = 0, 4*b = 0. What is the units digit of s?
0
Let w = -18 - -30. Suppose -4*s - w = 0, 7*a = 3*a - 4*s + 72. What is the units digit of a?
1
Let a(u) = 3*u + 2*u + 21 - u**2 - 16. What is the units digit of a(5)?
5
Let w(t) = t**2 + 29. What is the tens digit of w(13)?
9
Let f(v) = 10*v**2 - v + 3. What is the units digit of f(2)?
1
Let a be (0 + (-6)/(-4))*2. Suppose -119 - 18 = -5*w - m, 3*m + 48 = 2*w. Suppose -g = a*u + 7 - w, -u = g - 10. What is the units digit of u?
5
Suppose 3*x = 5*h - 35, h + x + 3 = 2. What is the units digit of h?
4
Let x be 1 + 30 + 0 + -3. Let s = x - 13. What is the units digit of s?
5
Let j = -4 - -7. Suppose -f + 4*f = -2*f. Suppose -j*h + 30 = -f*h. What is the units digit of h?
0
Let v(l) = 3*l - 20. What is the tens digit of v(17)?
3
Let d(w) = w**3 + 7*w**2 - 3*w + 6. What is the tens digit of d(-7)?
2
Suppose -11 = -3*y - 29. Let q(l) = -2*l - 9. What is the units digit of q(y)?
3
Suppose 0 = 8*y - 5*y - 72. Suppose 2*x + 4*f = 26, 3*x + 3*f - 27 = y. What is the tens digit of x?
2
Suppose -u = -8*t + 7*t + 102, 4*u = -5*t + 519. What is the units digit of t?
3
Suppose 5 + 2 = -q. Let f(l) = -l**2 - 7*l + 4. Let r be f(q). Suppose b + r*n - 10 = 0, 0*n = -4*n + 8. What is the units digit of b?
2
Suppose -s = 2*t - 60, 4*t + 3*s + 0*s = 118. Suppose -d - 4*n - 29 = 0, 2*n + t = -4*d + 3*n. What is the units digit of 54/(d/(-3)) + -1?
7
What is the tens digit of (-7)/(21/(-54)) - -3?
2
Let q(r) = r**2 + 8*r + 8. Let c be 6/3 + -8 + -3. What is the units digit of q(c)?
7
Let h = 9 - 7. Suppose -56 = -h*b - 0*b. What is the tens digit of b?
2
Let m(f) = -28*f + 25. What is the units digit of m(-7)?
1
Let s(i) = -i**3 - 5*i**2 - 6*i - 3. Let v be s(-2). Let y(f) = 0*f**2 - 2*f + 4 + 0*f**3 + f**3 + 2*f**2. What is the units digit of y(v)?
1
Suppose -j - 3*j + 24 = 0. What is the units digit of j?
6
Let g = -34 + 44. What is the units digit of g?
0
Let g(r) = r**2 + r + 3. Let i be g(0). Let y(b) be the first derivative of -b**2/2 + 7*b - 2. What is the units digit of y(i)?
4
Let n = -9 - -132. What is the tens digit of n?
2
Suppose 2*s + 1 = 5. What is the units digit of 3 - -4*s/1?
1
Suppose 5*i - 5*k = -70 - 85, 5*k + 15 = 0. Let j be -45 - (-1)/(-1) - 1. Let x = i - j. What is the units digit of x?
3
Suppose 4*b = 4*l + 16, -3*b + 5*l + 8 = -0*l. What is the tens digit of (-1)/b - 127/(-6)?
2
Let o(p) = -5*p - 27. What is the tens digit of o(-13)?
3
Suppose 316 = 4*h - 612. What is the tens digit of h?
3
Let m = 15 + -7. Suppose -f + m = -24. What is the units digit of f?
2
Let t be -60 + 0 - 4/(-2). What is the tens digit of (-4)/(-10) - t/5?
1
Let c(l) = l**2 - 2*l + 21. What is the tens digit of c(-13)?
1
Suppose -4*w = 5*y + 44, -w - 3*y + 0*y = 11. Let a = 21 + w. What is the units digit of a?
0
Let o(y) = -y**3 - 9*y**2 + 11*y + 15. Let z be o(-10). Suppose -2*a = -z*a + 72. What is the units digit of a?
4
Let h(n) = -n. Let w be (1*-2*2)/2. Let a be h(w). Suppose 7 = a*c - 7. What is the units digit of c?
7
Suppose 0 = -6*c + 8*c - 80. What is the units digit of c?
0
Let i(f) = f**2 - 21*f + 5. What is the units digit of i(32)?
7
Suppose -11*y = -15*y + 88. Suppose -3*i + 71 + y = 2*g, 2*g - 64 = -2*i. What is the units digit of i?
9
Suppose 2*x - 32 = -0*x. Suppose 0 = -n - 2*n + 5*a + 48, x = n + 5*a. What is the tens digit of n?
1
Let z(v) = -v - 5. Let s be z(-3). What is the units digit of 3/(1 + -2 - s)?
3
Suppose 8*o + 250 = 13*o. What is the units digit of o?
0
Suppose -5*t = -3*k - 37 + 12, -3*t - 3*k = 9. What is the units digit of t?
2
Let s(p) = 2*p**2 - p - 1. Suppose -10 = -3*b - 2*b. What is the units digit of s(b)?
5
Let h = -7 - -11. Suppose -4*r = -2*r - h. Suppose 0*o = r*o - 4. What is the units digit of o?
2
Suppose -g + 4 = 2. Suppose g*u - 19 = 3. What is the tens digit of u?
1
Let u be 15/(3 - 18/4). Let f(j) = -j**3 - 10*j**2 - 3*j - 2. What is the units digit of f(u)?
8
Let u be (-42)/(-56) - 61/(-4). What is the units digit of (u/(-6))/((-1)/18)?
8
Let b be 195/(-27) - 2/(-9). Let p = 14 + b. What is the units digit of p?
7
What is the units digit of (0/4)/2 - -28?
8
Suppose 0 = h + 4*a - 35, -5*h + 5*a = -3*h - 5. Let p be 8/6*h/10. Suppose l - 4 - p = 0. What is the units digit of l?
6
Let z be (2/(-6))/((-8)/2184). Let n = z - 39. Suppose -88 = -5*s + 2*d, -4*s - d + n = 2*d. What is the tens digit of s?
1
Let l(n) = 65*n - 2. Let v be l(2). Suppose -36 - v = -4*f. What is the units digit of f?
1
Suppose -q + 1 - 3 = 0. Let p = 2 + q. What is the units digit of -2 + 7 - (p - 2)?
7
Suppose -75 = 100*h - 105*h. What is the units digit of h?
5
Let h(u) = -u**2 + 17*u + 2. What is the units digit of h(4)?
4
Let a = 55 + 29. Suppose 5*t = t + a. What is the units digit of t?
1
Suppose -75 - 9 = -4*s. What is the units digit of s?
1
Let